emainder when 4640 is divided by 4618.
22
What is the remainder when 972527 is divided by 48?
47
What is the remainder when 103083 is divided by 1393?
1
What is the remainder when 74534 is divided by 131?
126
Calculate the remainder when 69369 is divided by 1451.
1172
Calculate the remainder when 439916 is divided by 109971.
32
What is the remainder when 46272 is divided by 1186?
18
Calculate the remainder when 25860 is divided by 244.
240
Calculate the remainder when 20194 is divided by 32.
2
Calculate the remainder when 98025 is divided by 1782.
15
What is the remainder when 86228 is divided by 176?
164
What is the remainder when 120479 is divided by 395?
4
What is the remainder when 41322 is divided by 920?
842
What is the remainder when 5518 is divided by 949?
773
What is the remainder when 12699 is divided by 1761?
372
What is the remainder when 4487 is divided by 236?
3
Calculate the remainder when 1265 is divided by 74.
7
Calculate the remainder when 6976 is divided by 796.
608
Calculate the remainder when 8054 is divided by 145.
79
Calculate the remainder when 93392 is divided by 573.
566
What is the remainder when 10950 is divided by 685?
675
Calculate the remainder when 17756 is divided by 5910.
26
Calculate the remainder when 3010 is divided by 1036.
938
What is the remainder when 382 is divided by 115?
37
Calculate the remainder when 125369 is divided by 125.
119
What is the remainder when 255629 is divided by 1247?
1241
What is the remainder when 1007 is divided by 42?
41
Calculate the remainder when 20570 is divided by 9398.
1774
What is the remainder when 7686 is divided by 1325?
1061
What is the remainder when 34806 is divided by 311?
285
What is the remainder when 12721 is divided by 296?
289
Calculate the remainder when 768854 is divided by 46.
10
What is the remainder when 3495 is divided by 204?
27
Calculate the remainder when 21389 is divided by 464.
45
Calculate the remainder when 184828 is divided by 81.
67
What is the remainder when 37631 is divided by 384?
383
Calculate the remainder when 6165 is divided by 6153.
12
Calculate the remainder when 71769 is divided by 27.
3
What is the remainder when 91 is divided by 26?
13
Calculate the remainder when 88134 is divided by 3039.
3
What is the remainder when 28867 is divided by 9621?
4
What is the remainder when 3687 is divided by 17?
15
Calculate the remainder when 199358 is divided by 7379.
125
What is the remainder when 5450062 is divided by 34?
32
Calculate the remainder when 4547 is divided by 19.
6
What is the remainder when 177481 is divided by 77?
73
What is the remainder when 8749 is divided by 29?
20
What is the remainder when 4177 is divided by 22?
19
Calculate the remainder when 4320 is divided by 337.
276
What is the remainder when 70899 is divided by 50?
49
Calculate the remainder when 206256 is divided by 19.
11
What is the remainder when 85878 is divided by 19?
17
Calculate the remainder when 63941 is divided by 72.
5
Calculate the remainder when 42026 is divided by 239.
201
What is the remainder when 5586 is divided by 1362?
138
What is the remainder when 2986 is divided by 298?
6
What is the remainder when 11495 is divided by 2632?
967
What is the remainder when 3797844 is divided by 1118?
1116
What is the remainder when 43572 is divided by 295?
207
What is the remainder when 68027 is divided by 138?
131
Calculate the remainder when 188558 is divided by 10.
8
Calculate the remainder when 12167 is divided by 1121.
957
What is the remainder when 1766102 is divided by 257?
255
What is the remainder when 161420 is divided by 38?
34
Calculate the remainder when 1482 is divided by 80.
42
Calculate the remainder when 33438 is divided by 19.
17
Calculate the remainder when 4404 is divided by 364.
36
What is the remainder when 53276 is divided by 120?
116
What is the remainder when 6422 is divided by 637?
52
What is the remainder when 613 is divided by 11?
8
Calculate the remainder when 24302 is divided by 4858.
12
What is the remainder when 128019 is divided by 63989?
41
Calculate the remainder when 799856 is divided by 266601.
53
Calculate the remainder when 19788 is divided by 305.
268
What is the remainder when 93865 is divided by 2346?
25
Calculate the remainder when 108 is divided by 72.
36
Calculate the remainder when 17694 is divided by 61.
4
What is the remainder when 3653 is divided by 1823?
7
Calculate the remainder when 639104 is divided by 319544.
16
What is the remainder when 338535 is divided by 34?
31
Calculate the remainder when 13694739 is divided by 593.
590
Calculate the remainder when 14365 is divided by 156.
13
What is the remainder when 50593 is divided by 530?
243
What is the remainder when 954 is divided by 15?
9
What is the remainder when 5838 is divided by 487?
481
What is the remainder when 1060 is divided by 871?
189
Calculate the remainder when 38559 is divided by 5497.
80
What is the remainder when 11011 is divided by 10859?
152
Calculate the remainder when 207448 is divided by 6.
4
Calculate the remainder when 3229197 is divided by 108.
105
What is the remainder when 11143 is divided by 1110?
43
Calculate the remainder when 67816 is divided by 11301.
10
Calculate the remainder when 3128 is divided by 685.
388
What is the remainder when 7912 is divided by 448?
296
What is the remainder when 5302 is divided by 775?
652
Calculate the remainder when 27528 is divided by 189.
123
What is the remainder when 23289 is divided by 728?
721
Calculate the remainder when 3745 is divided by 150.
145
What is the remainder when 596217 is divided by 93?
87
What is the remainder when 11902 is divided by 151?
124
What is the remainder when 855317 is divided by 10?
7
Calculate the remainder when 31589 is divided by 27.
26
Calculate the remainder when 12116 is divided by 253.
225
What is the remainder when 7136 is divided by 796?
768
What is the remainder when 3 is divided by 1?
0
What is the remainder when 428758 is divided by 131?
126
Calculate the remainder when 31565 is divided by 15.
5
Calculate the remainder when 114272 is divided by 5.
2
What is the remainder when 3085 is divided by 432?
61
Calculate the remainder when 33870 is divided by 3756.
66
What is the remainder when 7974 is divided by 227?
29
What is the remainder when 3640 is divided by 79?
6
Calculate the remainder when 43119 is divided by 110.
109
What is the remainder when 755361 is divided by 21?
12
What is the remainder when 8509325 is divided by 16?
13
Calculate the remainder when 29407 is divided by 12.
7
What is the remainder when 320977 is divided by 45?
37
Calculate the remainder when 958 is divided by 47.
18
Calculate the remainder when 753 is divided by 42.
39
What is the remainder when 2833 is divided by 601?
429
Calculate the remainder when 40011 is divided by 10001.
7
Calculate the remainder when 30029 is divided by 423.
419
What is the remainder when 97572 is divided by 26?
20
What is the remainder when 19138 is divided by 336?
322
What is the remainder when 1974 is divided by 53?
13
What is the remainder when 157835 is divided by 236?
187
Calculate the remainder when 19378 is divided by 60.
58
What is the remainder when 63658 is divided by 21218?
4
What is the remainder when 583579 is divided by 53?
49
What is the remainder when 162515 is divided by 9559?
12
Calculate the remainder when 957 is divided by 919.
38
Calculate the remainder when 9247 is divided by 93.
40
Calculate the remainder when 2111 is divided by 57.
2
Calculate the remainder when 1100 is divided by 218.
10
What is the remainder when 196 is divided by 178?
18
What is the remainder when 1758 is divided by 874?
10
What is the remainder when 2694 is divided by 309?
222
What is the remainder when 1611 is divided by 684?
243
What is the remainder when 203 is divided by 69?
65
Calculate the remainder when 6062 is divided by 98.
84
What is the remainder when 187370 is divided by 187347?
23
What is the remainder when 17799 is divided by 5931?
6
Calculate the remainder when 345770 is divided by 106.
104
What is the remainder when 62503 is divided by 45?
43
What is the remainder when 2478 is divided by 204?
30
What is the remainder when 34144 is divided by 273?
19
Calculate the remainder when 28530 is divided by